2) to base 12.
-96289
125233524 (base 7) to base 13
188772c
Convert -a51d (base 15) to base 13.
-12b6b
Convert -da5dc (base 14) to base 7.
-4326265
What is -1002211020 (base 3) in base 13?
-9b85
What is -10100011000001110011 (base 2) in base 16?
-a3073
What is -1963fe (base 16) in base 7?
-20100210
Convert -544a46 (base 11) to base 16.
-d4803
-112b625 (base 12) to base 9
-6173462
-220001201221 (base 3) to base 12
-1aa137
Convert 1111024 (base 6) to base 5.
3242320
Convert 7a661 (base 11) to base 13.
410b6
-5453132 (base 6) to base 3
-111210112002
79241 (base 11) to base 5
12133003
111330463 (base 7) to base 15
8d918d
160852 (base 12) to base 5
43440322
Convert -100011021110 (base 3) to base 8.
-540050
What is -224323 (base 6) in base 2?
-100101010111011
Convert 4643241 (base 8) to base 10.
1263265
Convert 221074 (base 10) to base 3.
102020020221
1100111100010001 (base 2) to base 9
80638
-1ac769 (base 16) to base 8
-6543551
52332322 (base 6) to base 7
15632465
Convert -3020105 (base 6) to base 16.
-22d09
Convert 594611 (base 12) to base 9.
2632314
-1312021211 (base 4) to base 2
-1110110001001100101
561209 (base 10) to base 5
120424314
Convert -20045515 (base 7) to base 2.
-110010100111100100110
Convert -10444255 (base 6) to base 5.
-40122240
-144110 (base 11) to base 6
-4453555
What is 23375 (base 15) in base 13?
3c089
What is ba2a (base 14) in base 15?
9807
What is -26ed (base 16) in base 8?
-23355
What is -3941513 (base 11) in base 13?
-154c477
Convert 70377 (base 12) to base 5.
14130200
What is 247410 (base 8) in base 11?
59491
-2221112121222 (base 3) to base 13
-42a805
-1224423420 (base 5) to base 11
-1747470
What is -207016 (base 10) in base 8?
-624250
Convert 3c46bb (base 13) to base 8.
5460307
What is -12260a (base 12) in base 11?
-1913aa
What is 46190 (base 10) in base 6?
553502
-2000122220020 (base 3) to base 15
-163bd9
-315173 (base 9) to base 8
-556154
Convert -303514312 (base 6) to base 7.
-62240402
Convert -41b7c (base 14) to base 12.
-779aa
What is -32213263 (base 7) in base 5?
-1200234424
What is -28024 (base 9) in base 13?
-8839
What is -101210011221210 (base 3) in base 2?
-10101110111010000100101
Convert -6275236 (base 8) to base 11.
-a405a1
-2075660 (base 10) to base 12
-841238
What is -530a898 (base 12) in base 16?
-ef7c74
-819900 (base 12) to base 9
-3731200
-37ce27 (base 16) to base 8
-15747047
What is -13212312221 (base 4) in base 10?
-1994153
What is -210544552 (base 6) in base 13?
-9bcc84
What is 672572 (base 8) in base 5?
24223212
-491625 (base 11) to base 16
-bdf49
Convert -2640b (base 15) to base 2.
-11101111000101011
-20310200000 (base 4) to base 11
-133a203
What is 2201200100 (base 3) in base 15?
10dac
Convert -12054410 (base 6) to base 9.
-640246
What is -20001101000121 (base 3) in base 2?
-1100010001000100010011
What is 315d0 (base 16) in base 3?
101021100121
Convert 210020102 (base 5) to base 3.
1121201121000
2d8077 (base 14) to base 5
402101423
What is -68165a (base 12) in base 5?
-411132132
Convert 646645 (base 7) to base 11.
77854
17823c (base 13) to base 5
122323220
-9e4c9e (base 16) to base 12
-3583792
Convert -1dc4df (base 16) to base 11.
-1112855
What is -546eb (base 15) in base 3?
-111121220012
2323534 (base 6) to base 13
42871
Convert -1a0b0 (base 15) to base 6.
-1451220
35054 (base 13) to base 15
1d9e2
What is -503270 (base 8) in base 14?
-4449a
What is 1936252 (base 11) in base 16?
31f20c
What is -81412a (base 11) in base 9?
-2413857
-32571 (base 8) to base 5
-414224
Convert 56e2 (base 16) to base 14.
816a
Convert -211032222 (base 4) to base 8.
-451652
What is 7dbf9a (base 16) in base 2?
11111011011111110011010
Convert -68917 (base 16) to base 4.
-1220210113
What is 3125231 (base 6) in base 10?
151507
What is -15520 (base 10) in base 6?
-155504
What is -a3744 (base 14) in base 3?
-202000020002
1011101100110011101 (base 2) to base 10
383389
Convert -2610ba (base 13) to base 12.
-382326
Convert -121200112020102 (base 3) to base 12.
-2b77955
What is -1a1471 (base 12) in base 9?
-768044
What is -33330 (base 4) in base 11?
-848
Convert -73025 (base 13) to base 12.
-9b645
What is -3403341 (base 6) in base 9?
-281657
What is 14201456 (base 8) in base 7?
36205442
What is -20122031031 (base 4) in base 10?
-2204493
-1212100211 (base 3) to base 13
-13933
Convert 4c047a (base 13) to base 15.
261c71
Convert -4f3ce (base 16) to base 3.
-121111012200
What is 112430453 (base 6) in base 15?
2b3a23
What is -2113133 (base 5) in base 14?
-cc9c
What is 1101021020 (base 3) in base 13?
c49b
What is -101111100101111011011 (base 2) in base 14?
-2c849d
-1333130100 (base 4) to base 3
-222112001100
Convert 41244334 (base 5) to base 16.
5263d
Convert -132311201100 (base 4) to base 10.
-8083536
-31345202 (base 7) to base 5
-1134300433
What is -12275 (base 13) in base 15?
-9d5e
Convert f1b (base 16) to base 14.
15a3
-5011b (base 13) to base 8
-427226
-804cce (base 16) to base 4
-200010303032
-110320300 (base 4) to base 10
-85552
What is -20021000032 (base 4) in base 16?
-20900e
131121211 (base 4) to base 2
11101011001100101
What is -264499 (base 10) in base 5?
-31430444
What is -11911 (base 12) in base 4?
-11303131
Convert -13012433 (base 5) to base 12.
-60ab5
-1674014 (base 8) to base 5
-111130414
Convert 1b90 (base 13) to base 11.
3154
What is -202121011001 (base 3) in base 5?
-100433213
Convert -100001010110011110010 (base 2) to base 13.
-2c3575
What is 747093 (base 14) in base 16?
3c15e9
31240033 (base 6) to base 11
56a677
What is -6c15a (base 13) in base 9?
-331511
What is -10001101111101000010011 (base 2) in base 8?
-21575023
What is 140173 (base 10) in base 2?
100010001110001101
Convert 201102010 (base 4) to base 12.
66a84
Convert 116533010 (base 7) to base 8.
34132620
641763 (base 14) to base 3
20100222002101
14103410 (base 5) to base 7
1140332
Convert 11142304 (base 5) to base 12.
49848
Convert -1402621 (base 7) to base 13.
-667ab
What is -278910 (base 13) in base 10?
-961623
Convert 4096395 (base 11) to base 9.
14533756
-231414234 (base 5) to base 10
-1044944
Convert -111022100101 (base 3) to base 15.
-52944
-110526 (base 11) to base 2
-101011000011000101
What is 40905 (base 11) in base 12?
2a636
56860 (base 13) to base 3
21222221021
What is 612563 (base 7) in base 16?
1971b
2513214 (base 6) to base 9
224101
What is -2221200000122 (base 3) in base 16?
-17ed60
-11004404 (base 5) to base 8
-270222
What is 1311402 (base 7) in base 13?
5caba
What is -4a0591 (base 11) in base 2?
-11000001001100010111
-14266654 (base 8) to base 3
-20002120112120
What is 222085 (base 9) in base 4?
200122103
Convert -2801b8 (base 16) to base 14.
-4c36d2
Convert -4ac2 (base 13) to base 14.
-3c3a
Convert -3203011012 (base 4) to base 15.
-1358cd
What is 4356054 (base 7) in base 2?
10000010101001001111
What is -d12dac (base 14) in base 7?
-113552605
-33761b (base 16) to base 2
-1100110111011000011011
Convert -728dd (base 14) to base 11.
-179538
2130244132 (base 5) to base 10
4540542
What is 1123737 (base 8) in base 11?
199271
-34422303 (base 5) to base 10
-310953
121017 (base 8) to base 5
2311422
Convert -10440321 (base 6) to base 10.
-316345
-73060 (base 15) to base 4
-1121000232
Convert -981036 (base 10) to base 3.
-1211211201200
What is 110242 (base 10) in base 12?
5396a
11665 (base 11) to base 6
205345
Convert -311110220112 (base 4) to base 13.
-2b854b1
-45206 (base 11) to base 8
-177673
Convert -1000000011001111100001 (base 2) to base 4.
-20003033201
Convert -4700a (base 11) to base 15.
-151b1
Convert 16adac (base 14) to base 6.
25040324
What is 1022213210 (base 5) in base 6?
114012042
What is 52050512 (base 6) in base 5?
340442120
What is -20141100243 (base 5) in base 4?
-1031100220032
What is 350420323 (base 6) in base 2?
11000101100001010011011
-22000220200 (base 3) to base 2
-100110100110110010
Convert 3473295 (base 12) to base 13.
212a011
21101112001 (base 3) to base 11
9a308
What is -1465242 (base 11) in base 15?
-348d04
-1514f (base 16) to base 6
-1503435
669856 (base 14) to base 16
352884
Convert -16600ba (base 12) to base 10.
-4603534
What is -194ad (base 15) in base 13?
-2b477
What is 1a2a71 (base 11) in base 5?
34431121
Convert 2de7 (base 15) to base 11.
7483
Convert 5670c0 (base 13) to base 2.
111110010110111100110
What is 212030